{"id":1732,"date":"2016-07-18T00:39:07","date_gmt":"2016-07-18T00:39:07","guid":{"rendered":"https:\/\/rwmitalia.com\/company\/"},"modified":"2020-02-26T15:11:59","modified_gmt":"2020-02-26T14:11:59","slug":"company","status":"publish","type":"page","link":"https:\/\/www.rwmitalia.com\/fr\/company\/","title":{"rendered":"Palans \u00e9lectriques du 1969"},"content":{"rendered":"<div class=\"wpb-content-wrapper\"><p>[vc_row el_class=\u00a0\u00bbm-t-n-md p-t-md\u00a0\u00bb css=\u00a0\u00bb.vc_custom_1575626411369{margin-top: -48px !important;background-color: #ffffff !important;}\u00a0\u00bb][vc_column][vc_empty_space][vc_gallery type=\u00a0\u00bbnivo\u00a0\u00bb interval=\u00a0\u00bb3&Prime; images=\u00a0\u00bb666&Prime; img_size=\u00a0\u00bbfull\u00a0\u00bb onclick=\u00a0\u00bb\u00a0\u00bb el_class=\u00a0\u00bbnav-right mb-1&Prime;][vc_custom_heading text=\u00a0\u00bbRWM \u00b7 Histoire\u00a0\u00bb use_theme_fonts=\u00a0\u00bbyes\u00a0\u00bb el_class=\u00a0\u00bbm-b-md\u00a0\u00bb][vc_column_text el_class=\u00a0\u00bblead\u00a0\u00bb]<\/p>\n<h4>Palans \u00e9lectriques du 1969<\/h4>\n<p>[\/vc_column_text][vc_column_text]<\/p>\n<p style=\"text-align: justify;\"><strong>RWM<\/strong> est une entreprise avec 50 ans d&rsquo;exp\u00e9rience dans l&rsquo;industrie m\u00e9tallurgique fond\u00e9e par Vilmino Rebeschin en 1969 \u00e0 Molina di Malo, une terre prosp\u00e8re pour les entrepreneurs d&rsquo;ing\u00e9nierie italiens.<\/p>\n<p style=\"text-align: justify;\">Au fil des ans, le propri\u00e9taire historique a enseign\u00e9 \u00e0 ses deux fils Giovanni et Marco la capacit\u00e9 de regarder vers l\u2019avenir, dans le but de maintenir toujours une haute qualit\u00e9 de produit, gr\u00e2ce \u00e0 la constante innovation technologique.<\/p>\n<p style=\"text-align: justify;\">Les valeurs d&rsquo;une entreprise familiale ont permis \u00e0 <strong>RWM<\/strong> d&rsquo;atteindre les niveaux d&rsquo;excellence assign\u00e9s au niveau international.<\/p>\n<p>[\/vc_column_text][vc_separator color=\u00a0\u00bbcustom\u00a0\u00bb style=\u00a0\u00bbsolid\u00a0\u00bb gap=\u00a0\u00bbtaller\u00a0\u00bb accent_color=\u00a0\u00bb#dbdbdb\u00a0\u00bb el_class=\u00a0\u00bbm-b-none\u00a0\u00bb][\/vc_column][\/vc_row][vc_row css=\u00a0\u00bb.vc_custom_1575626299861{background-color: #ffffff !important;}\u00a0\u00bb][vc_column][vc_custom_heading text=\u00a0\u00bbDirection de l\u2019entreprise\u00a0\u00bb font_container=\u00a0\u00bbtag:h2|text_align:center\u00a0\u00bb use_theme_fonts=\u00a0\u00bbyes\u00a0\u00bb el_class=\u00a0\u00bbm-t-xl\u00a0\u00bb][vc_empty_space height=\u00a0\u00bb20px\u00a0\u00bb][\/vc_column][vc_column width=\u00a0\u00bb1\/3&Prime; css=\u00a0\u00bb.vc_custom_1575561648595{padding-top: 10px !important;padding-right: 10px !important;padding-left: 10px !important;}\u00a0\u00bb]<div class=\"porto-just-icon-wrapper porto-icon none  vc_custom_1579257380089\" style=\"color:#ee0000;font-size:60px;\"><i class=\"fas fa-user-edit\"><\/i><\/div>[vc_column_text]<\/p>\n<h4 style=\"text-align: center;\"><strong>Giovanni Rebeschin<\/strong><\/h4>\n<p style=\"text-align: center;\"><em>PDG<\/em><\/p>\n<p style=\"text-align: center;\">Il a su associer exp\u00e9rience et innovation qui ont toujours \u00e9t\u00e9 la base de notre travail en une seule expression, en cr\u00e9ant des produits de haut niveau.<\/p>\n<p>[\/vc_column_text][\/vc_column][vc_column width=\u00a0\u00bb1\/3&Prime; css=\u00a0\u00bb.vc_custom_1575561657371{padding-top: 10px !important;padding-right: 10px !important;padding-left: 10px !important;background-color: #f9f9f9 !important;}\u00a0\u00bb]<div class=\"porto-just-icon-wrapper porto-icon none  vc_custom_1579257313984\" style=\"color:#ee0000;font-size:60px;\"><i class=\"fas fa-user-tie\"><\/i><\/div>[vc_column_text]<\/p>\n<h4 style=\"text-align: center;\"><strong>Vilmino Rebeschin<\/strong><\/h4>\n<p style=\"text-align: center;\"><em>Fondateur<\/em><\/p>\n<p style=\"text-align: center;\">Il a su transmettre \u00e0 ses fils Giovanni et Marco la capacit\u00e9 de regarder vers l\u2019avenir, dans le but de toujours maintenir un produit de haute qualit\u00e9.<\/p>\n<p>[\/vc_column_text][\/vc_column][vc_column width=\u00a0\u00bb1\/3&Prime; css=\u00a0\u00bb.vc_custom_1575561667209{padding-top: 10px !important;padding-right: 10px !important;padding-left: 10px !important;}\u00a0\u00bb]<div class=\"porto-just-icon-wrapper porto-icon none  vc_custom_1579257342867\" style=\"color:#ee0000;font-size:60px;\"><i class=\"fas fa-user-cog\"><\/i><\/div>[vc_column_text]<\/p>\n<h4 style=\"text-align: center;\"><strong>Marco Rebeschin<\/strong><\/h4>\n<p style=\"text-align: center;\"><em>PDG<\/em><\/p>\n<p style=\"text-align: center;\">Il a su comprendre les besoins et l&rsquo;\u00e9volution des march\u00e9s internationaux, garantissant un produit Made in Italy de la plus haute qualit\u00e9.<\/p>\n<p>[\/vc_column_text][\/vc_column][\/vc_row][vc_row css=\u00a0\u00bb.vc_custom_1575626319657{background-color: #ffffff !important;}\u00a0\u00bb][vc_column][vc_separator color=\u00a0\u00bbcustom\u00a0\u00bb style=\u00a0\u00bbsolid\u00a0\u00bb gap=\u00a0\u00bbtaller\u00a0\u00bb accent_color=\u00a0\u00bb#dbdbdb\u00a0\u00bb el_class=\u00a0\u00bbm-b-none\u00a0\u00bb][vc_row_inner][vc_column_inner width=\u00a0\u00bb1\/2&Prime; animation_type=\u00a0\u00bbfadeInUp\u00a0\u00bb]<div class=\"porto-sicon-box m-t-xxl  wpb_custom_5e7d3a3f1ebd59994c3167200ab62d14 style_1 top-icon\"><div class=\"porto-sicon-top\"><div class=\"porto-just-icon-wrapper porto-icon none\" style=\"color:#ee0000;font-size:40px;\"><i class=\"far fa-dot-circle\"><\/i><\/div><\/div><div class=\"porto-sicon-header\"><h3 class=\"porto-sicon-title\" style=\"font-family:&#039;Open Sans&#039;;font-size:30px;color:#2e353e;\">Mission<\/h3><\/div> <!-- header --><div class=\"porto-sicon-description\" style=\"\">\n<p style=\"text-align: center;\">Une entreprise qui utilise une gestion familiale \u00e9prouv\u00e9e, en adoptant la technologie et l&rsquo;innovation en la transmettant aux employ\u00e9s et aux lignes de production, pour cr\u00e9er des produits de la plus haute qualit\u00e9.<\/p>\n<p><\/div> <!-- description --><\/div><!-- porto-sicon-box -->[\/vc_column_inner][vc_column_inner width=\u00a0\u00bb1\/2&Prime; animation_delay=\u00a0\u00bb300&Prime; animation_type=\u00a0\u00bbfadeInUp\u00a0\u00bb]<div class=\"porto-sicon-box m-t-xxl  wpb_custom_5e7d3a3f1ebd59994c3167200ab62d14 style_1 top-icon\"><div class=\"porto-sicon-top\"><div class=\"porto-just-icon-wrapper porto-icon none\" style=\"color:#ee0000;font-size:40px;\"><i class=\"far fa-eye\"><\/i><\/div><\/div><div class=\"porto-sicon-header\"><h3 class=\"porto-sicon-title\" style=\"font-family:&#039;Open Sans&#039;;font-size:30px;color:#2e353e;\">Vision<\/h3><\/div> <!-- header --><div class=\"porto-sicon-description\" style=\"\">\n<p style=\"text-align: center;\"><span lang=\"FR\">Nous sommes pr\u00e9sents sur le march\u00e9 depuis de nombreuses d\u00e9cennies, poursuivant l&rsquo;intention de maintenir des directives solides et consolid\u00e9es, tout en restant ouverts aux nouveaut\u00e9s et aux innovations technologiques.\u00a0\u00a0\u00a0\u00a0 <\/span><\/p>\n<p><\/div> <!-- description --><\/div><!-- porto-sicon-box -->[\/vc_column_inner][\/vc_row_inner][vc_separator color=\u00a0\u00bbcustom\u00a0\u00bb style=\u00a0\u00bbsolid\u00a0\u00bb gap=\u00a0\u00bbtaller\u00a0\u00bb accent_color=\u00a0\u00bb#dbdbdb\u00a0\u00bb el_class=\u00a0\u00bbm-b-none\u00a0\u00bb][vc_empty_space][\/vc_column][\/vc_row]<\/p>\n<\/div>","protected":false},"excerpt":{"rendered":"<p>[vc_row el_class=\u00a0\u00bbm-t-n-md p-t-md\u00a0\u00bb css=\u00a0\u00bb.vc_custom_1575626411369{margin-top: -48px !important;background-color: #ffffff !important;}\u00a0\u00bb][vc_column][vc_empty_space][vc_gallery type=\u00a0\u00bbnivo\u00a0\u00bb interval=\u00a0\u00bb3&Prime; images=\u00a0\u00bb666&Prime; img_size=\u00a0\u00bbfull\u00a0\u00bb onclick=\u00a0\u00bb\u00a0\u00bb el_class=\u00a0\u00bbnav-right mb-1&Prime;][vc_custom_heading text=\u00a0\u00bbRWM \u00b7 Histoire\u00a0\u00bb use_theme_fonts=\u00a0\u00bbyes\u00a0\u00bb el_class=\u00a0\u00bbm-b-md\u00a0\u00bb][vc_column_text el_class=\u00a0\u00bblead\u00a0\u00bb] Palans \u00e9lectriques du 1969 [\/vc_column_text][vc_column_text] RWM est une entreprise avec 50 ans d&rsquo;exp\u00e9rience dans l&rsquo;industrie m\u00e9tallurgique fond\u00e9e par Vilmino Rebeschin en 1969 \u00e0 Molina di Malo, une terre prosp\u00e8re pour les entrepreneurs d&rsquo;ing\u00e9nierie italiens. [&hellip;]<\/p>\n","protected":false},"author":3,"featured_media":0,"parent":0,"menu_order":0,"comment_status":"closed","ping_status":"closed","template":"","meta":{"footnotes":""},"class_list":["post-1732","page","type-page","status-publish","hentry"],"_links":{"self":[{"href":"https:\/\/www.rwmitalia.com\/fr\/wp-json\/wp\/v2\/pages\/1732","targetHints":{"allow":["GET"]}}],"collection":[{"href":"https:\/\/www.rwmitalia.com\/fr\/wp-json\/wp\/v2\/pages"}],"about":[{"href":"https:\/\/www.rwmitalia.com\/fr\/wp-json\/wp\/v2\/types\/page"}],"author":[{"embeddable":true,"href":"https:\/\/www.rwmitalia.com\/fr\/wp-json\/wp\/v2\/users\/3"}],"replies":[{"embeddable":true,"href":"https:\/\/www.rwmitalia.com\/fr\/wp-json\/wp\/v2\/comments?post=1732"}],"version-history":[{"count":0,"href":"https:\/\/www.rwmitalia.com\/fr\/wp-json\/wp\/v2\/pages\/1732\/revisions"}],"wp:attachment":[{"href":"https:\/\/www.rwmitalia.com\/fr\/wp-json\/wp\/v2\/media?parent=1732"}],"curies":[{"name":"wp","href":"https:\/\/api.w.org\/{rel}","templated":true}]}}

Palans électriques du 1969

<div class="wpb-content-wrapper"><p>[vc_row el_class= »m-t-n-md p-t-md » css= ».vc_custom_1575626411369{margin-top: -48px !important;background-color: #ffffff !important;} »][vc_column][vc_empty_space][vc_gallery type= »nivo » interval= »3&Prime; images= »666&Prime; img_size= »full » onclick= » » el_class= »nav-right mb-1&Prime;][vc_custom_heading text= »RWM · Histoire » use_theme_fonts= »yes » el_class= »m-b-md »][vc_column_text el_class= »lead »]</p>
<h4>Palans électriques du 1969</h4>
<p>[/vc_column_text][vc_column_text]</p>
<p style="text-align: justify;"><strong>RWM</strong> est une entreprise avec 50 ans d&rsquo;expérience dans l&rsquo;industrie métallurgique fondée par Vilmino Rebeschin en 1969 à Molina di Malo, une terre prospère pour les entrepreneurs d&rsquo;ingénierie italiens.</p>
<p style="text-align: justify;">Au fil des ans, le propriétaire historique a enseigné à ses deux fils Giovanni et Marco la capacité de regarder vers l’avenir, dans le but de maintenir toujours une haute qualité de produit, grâce à la constante innovation technologique.</p>
<p style="text-align: justify;">Les valeurs d&rsquo;une entreprise familiale ont permis à <strong>RWM</strong> d&rsquo;atteindre les niveaux d&rsquo;excellence assignés au niveau international.</p>
<p>[/vc_column_text][vc_separator color= »custom » style= »solid » gap= »taller » accent_color= »#dbdbdb » el_class= »m-b-none »][/vc_column][/vc_row][vc_row css= ».vc_custom_1575626299861{background-color: #ffffff !important;} »][vc_column][vc_custom_heading text= »Direction de l’entreprise » font_container= »tag:h2|text_align:center » use_theme_fonts= »yes » el_class= »m-t-xl »][vc_empty_space height= »20px »][/vc_column][vc_column width= »1/3&Prime; css= ».vc_custom_1575561648595{padding-top: 10px !important;padding-right: 10px !important;padding-left: 10px !important;} »]<div class="porto-just-icon-wrapper porto-icon none  vc_custom_1579257380089" style="color:#ee0000;font-size:60px;"><i class="fas fa-user-edit"></i></div>[vc_column_text]</p>
<h4 style="text-align: center;"><strong>Giovanni Rebeschin</strong></h4>
<p style="text-align: center;"><em>PDG</em></p>
<p style="text-align: center;">Il a su associer expérience et innovation qui ont toujours été la base de notre travail en une seule expression, en créant des produits de haut niveau.</p>
<p>[/vc_column_text][/vc_column][vc_column width= »1/3&Prime; css= ».vc_custom_1575561657371{padding-top: 10px !important;padding-right: 10px !important;padding-left: 10px !important;background-color: #f9f9f9 !important;} »]<div class="porto-just-icon-wrapper porto-icon none  vc_custom_1579257313984" style="color:#ee0000;font-size:60px;"><i class="fas fa-user-tie"></i></div>[vc_column_text]</p>
<h4 style="text-align: center;"><strong>Vilmino Rebeschin</strong></h4>
<p style="text-align: center;"><em>Fondateur</em></p>
<p style="text-align: center;">Il a su transmettre à ses fils Giovanni et Marco la capacité de regarder vers l’avenir, dans le but de toujours maintenir un produit de haute qualité.</p>
<p>[/vc_column_text][/vc_column][vc_column width= »1/3&Prime; css= ».vc_custom_1575561667209{padding-top: 10px !important;padding-right: 10px !important;padding-left: 10px !important;} »]<div class="porto-just-icon-wrapper porto-icon none  vc_custom_1579257342867" style="color:#ee0000;font-size:60px;"><i class="fas fa-user-cog"></i></div>[vc_column_text]</p>
<h4 style="text-align: center;"><strong>Marco Rebeschin</strong></h4>
<p style="text-align: center;"><em>PDG</em></p>
<p style="text-align: center;">Il a su comprendre les besoins et l&rsquo;évolution des marchés internationaux, garantissant un produit Made in Italy de la plus haute qualité.</p>
<p>[/vc_column_text][/vc_column][/vc_row][vc_row css= ».vc_custom_1575626319657{background-color: #ffffff !important;} »][vc_column][vc_separator color= »custom » style= »solid » gap= »taller » accent_color= »#dbdbdb » el_class= »m-b-none »][vc_row_inner][vc_column_inner width= »1/2&Prime; animation_type= »fadeInUp »]<div class="porto-sicon-box m-t-xxl  wpb_custom_5e7d3a3f1ebd59994c3167200ab62d14 style_1 top-icon"><div class="porto-sicon-top"><div class="porto-just-icon-wrapper porto-icon none" style="color:#ee0000;font-size:40px;"><i class="far fa-dot-circle"></i></div></div><div class="porto-sicon-header"><h3 class="porto-sicon-title" style="font-family:&#039;Open Sans&#039;;font-size:30px;color:#2e353e;">Mission</h3></div> <!-- header --><div class="porto-sicon-description" style="">
<p style="text-align: center;">Une entreprise qui utilise une gestion familiale éprouvée, en adoptant la technologie et l&rsquo;innovation en la transmettant aux employés et aux lignes de production, pour créer des produits de la plus haute qualité.</p>
<p></div> <!-- description --></div><!-- porto-sicon-box -->[/vc_column_inner][vc_column_inner width= »1/2&Prime; animation_delay= »300&Prime; animation_type= »fadeInUp »]<div class="porto-sicon-box m-t-xxl  wpb_custom_5e7d3a3f1ebd59994c3167200ab62d14 style_1 top-icon"><div class="porto-sicon-top"><div class="porto-just-icon-wrapper porto-icon none" style="color:#ee0000;font-size:40px;"><i class="far fa-eye"></i></div></div><div class="porto-sicon-header"><h3 class="porto-sicon-title" style="font-family:&#039;Open Sans&#039;;font-size:30px;color:#2e353e;">Vision</h3></div> <!-- header --><div class="porto-sicon-description" style="">
<p style="text-align: center;"><span lang="FR">Nous sommes présents sur le marché depuis de nombreuses décennies, poursuivant l&rsquo;intention de maintenir des directives solides et consolidées, tout en restant ouverts aux nouveautés et aux innovations technologiques.     </span></p>
<p></div> <!-- description --></div><!-- porto-sicon-box -->[/vc_column_inner][/vc_row_inner][vc_separator color= »custom » style= »solid » gap= »taller » accent_color= »#dbdbdb » el_class= »m-b-none »][vc_empty_space][/vc_column][/vc_row]</p>
</div>

<p>[vc_row el_class= »m-t-n-md p-t-md » css= ».vc_custom_1575626411369{margin-top: -48px !important;background-color: #ffffff !important;} »][vc_column][vc_empty_space][vc_gallery type= »nivo » interval= »3&Prime; images= »666&Prime; img_size= »full » onclick= » » el_class= »nav-right mb-1&Prime;][vc_custom_heading text= »RWM · Histoire » use_theme_fonts= »yes » el_class= »m-b-md »][vc_column_text el_class= »lead »] Palans électriques du 1969 [/vc_column_text][vc_column_text] RWM est une entreprise avec 50 ans d&rsquo;expérience dans l&rsquo;industrie métallurgique fondée par Vilmino Rebeschin en 1969 à Molina di Malo, une terre prospère pour les entrepreneurs d&rsquo;ingénierie italiens. [&hellip;]</p>
